Let t(r) = 3*r - 3. Let k(i) = h*t(i) - 5*g(i). Let m be k(11). Calculate the highest common divisor of m and 140.
35
Let y be (69/12 - 3)/((-4)/(-4496)). Calculate the greatest common divisor of 187 and y.
11
Suppose -7*j = -31 - 46. Suppose -6*s = j*s - 408. Calculate the highest common factor of 108 and s.
12
Suppose 299*v - 10*n = 300*v - 31750, n = -v + 31786. Calculate the greatest common divisor of 110 and v.
110
Let s = 76 - 61. Let y = s + 228. What is the greatest common factor of 3 and y?
3
Let d = 261 - 261. Suppose d = 7*n - 154 - 182. Calculate the greatest common factor of 48 and n.
48
Let n be (-15)/15 - (2 - 19). Let f(w) = w**2 + w. Let s be f(-8). What is the highest common factor of n and s?
8
Let t = 432 + -404. Calculate the highest common factor of t and 56.
28
Let t(z) = -z**2 + 4*z. Let h be t(4). Suppose 8*r + 5*r + 91 = h. Let w be 141/12 - r/28. What is the highest common factor of 132 and w?
12
Suppose 3*t - 94 = -94. Suppose t*g - 5*d - 25 = -g, -2*d + 122 = 4*g. What is the greatest common factor of g and 54?
6
Let f(s) = 6966*s + 139321. Let x be f(-20). Let w be 106 + -1*1/(-1). What is the greatest common divisor of x and w?
1
Let z be (11 - 14) + 18 - -127. Calculate the highest common factor of 1136 and z.
142
Let l(a) = 17*a**2 - 74*a + 74. Let x be l(3). Let y(z) = 41*z**2 - 2*z + 2. Let t be y(3). Calculate the highest common divisor of t and x.
5
Let w = 128 - 114. Let k = 130 + w. What is the greatest common factor of k and 32?
16
Let r be (-240)/(-4)*10*(-4)/(-24). What is the highest common factor of 225 and r?
25
Suppose -3*i = 3*j - 4*j + 14254, -j = -5*i - 14242. What is the highest common divisor of j and 32?
32
Let z(p) = p**2 - 34*p + 63. Let g be z(32). Let x be (13*(3 + -6))/g. Calculate the highest common factor of 156 and x.
39
Let a be (94/8)/((-2)/(-8)). Suppose 5*b - 5*c = 70, -3*b + 0 = 2*c - a. Let n = 309 - 144. What is the highest common factor of n and b?
15
Suppose -24*r - 3*a = -28*r + 29895, a = -5*r + 37364. Calculate the highest common divisor of 141 and r.
141
Let d = -711 + 715. Suppose -2*u - 32*l + 741 = -35*l, d*u + 3*l - 1527 = 0. What is the highest common divisor of 28 and u?
14
Let c = -9581 + 10087. Calculate the greatest common divisor of 352 and c.
22
Suppose -5*o + 15 = 3*h, -2*o + 3*h - 1 = -7. Let a be (2/o)/(22/165). Let w(x) = -517*x + 45. Let z be w(0). Calculate the highest common divisor of z and a.
5
Let s = -12353 - -14438. Calculate the highest common factor of s and 15.
15
Let f be 1050*(1 + (-50)/20)*(-8)/18. What is the greatest common divisor of f and 98?
14
Let t be ((-62)/217)/(-3 + (-355)/(-119)). What is the highest common divisor of 850 and t?
17
Suppose -5*s = -4*s - 4. Suppose -s*k + 9 = -27. Let d = 88 - 16. Calculate the highest common divisor of k and d.
9
Let c = 56 - 53. Suppose 3*v - 6 = -c, 0 = 5*d - 2*v - 83. Calculate the greatest common divisor of 187 and d.
17
Suppose -9*k - 3*k + 166841 = -272479. What is the greatest common factor of 70 and k?
70
Suppose 0*y - 2*y = 0. Suppose y = 5*j - 234 + 34. What is the highest common factor of j and 160?
40
Let n(u) = -3*u - 6. Let o be n(-7). Let j(q) = -q**2 + 17*q - 4. Let f be j(7). Suppose -10*y = y - f. What is the highest common divisor of y and o?
3
Suppose m - 278 = -5*q, -m = q - 53 + 3. What is the highest common divisor of q and 186?
3
Suppose 77 = -7*j + 280. Suppose -5*i + j = 4*b - 12, 5*i - 5*b = 50. What is the highest common factor of i and 51?
3
Suppose 142710 = 32*f - 71082. Calculate the highest common divisor of f and 51.
51
Let s = 54 - 22. Let j be 2*-98*(-1008)/588. Suppose -8*y = -j + s. What is the greatest common factor of 304 and y?
38
Suppose w = 3 - 2. Let i be 15*((-20)/(-15))/w. Let z = i + -3. What is the greatest common divisor of z and 153?
17
Let t(l) = -110*l - 3399. Let p be t(-31). What is the highest common divisor of 1727 and p?
11
Let z = 6 + -1. Let l(o) = 9*o - 8. Let r(b) = -19*b + 17. Let h(i) = z*l(i) + 2*r(i). Let p be h(2). Calculate the highest common divisor of 56 and p.
8
Suppose 3*u = -2*h + 409, -u - 28*h + 30*h + 123 = 0. Calculate the greatest common divisor of 19 and u.
19
Let f = 58161 + -58159. Suppose -b + 0 = -2. Suppose 3*x + b = 8. What is the greatest common factor of f and x?
2
Let c be ((-176)/(-110))/((-4)/10) - (-9807 - -7). Calculate the highest common factor of 93 and c.
31
Let n be ((-1745)/(-15) - -6)*1*6. Let w = n - 722. Calculate the greatest common divisor of 84 and w.
12
Let q(a) = a**3 - 16*a**2 - 2*a - 192. Let g be q(18). What is the greatest common factor of g and 588?
84
Let j(p) = 18*p**2 + 10*p - 8. Let t be j(1). Let n be 10827/90 - 6/t. Calculate the highest common divisor of 300 and n.
60
Let p(l) = 8*l - 128. Let c = -633 - -670. Let j be p(c). Calculate the highest common divisor of 21 and j.
21
Let c(w) = w**3 - 7*w**2 + 5*w + 3. Let p = -27 - -30. Suppose -4*i + 4*v - p + 15 = 0, 8 = 2*v. Let h be c(i). What is the highest common divisor of h and 38?
38
Let g be 360/7 - (-328)/574. Let z(f) = 129*f + 2. Let r be z(2). Suppose 2*q + r = 2*j - 3*q, 260 = 2*j - q. Calculate the highest common factor of g and j.
26
Suppose 120*n = 108357 + 43323. What is the greatest common divisor of 711 and n?
79
Suppose 0 = s + 3*s + 12. Let x be 6/(48/62) + s/(-12). What is the highest common divisor of x and 64?
8
Let j = 147 - 145. Suppose 2*t - 5*m + 62 = 0, 3*t + 2*m = -2*m - 93. Let n = 35 + t. Calculate the highest common divisor of j and n.
2
Let s(q) = -2*q**3 + 20 + 14*q + 4*q**3 - q**3 - 15*q**2. Let w be s(14). Let z(d) = -6*d. Let j be z(-2). What is the highest common divisor of w and j?
4
Let p = 1376 - 385. Suppose 8*v - c - p = 3*v, -989 = -5*v - c. Let a be (-2)/(-19) + 55328/2527. Calculate the highest common factor of v and a.
22
Suppose -w - 2*w = 12. Suppose 791 = q + 798. Let x be q/(-14) - 138/w. Calculate the highest common factor of 7 and x.
7
Suppose -3238*p + 3249*p = 11 + 781. What is the highest common divisor of p and 36?
36
Suppose 0 = m + 3*p - 6*p - 22, 4*p - 14 = -2*m. Suppose 34 = 14*l - 11*l + 5*b, -4*l - 3*b + 49 = 0. What is the greatest common divisor of m and l?
13
Let l = 1501 - 1467. Let r be 20/8*(-8)/(-10). Calculate the highest common factor of l and r.
2
Let m be ((64/(-12))/4)/((-8)/12). Let p be 39 + m + (-4)/(1 + 3). Let r(d) = d**2 + 11*d + 5. Let c be r(-11). Calculate the greatest common factor of p and c.
5
Suppose 0*i - 6 = 3*i. Let c be 1/(-1) + (17 - (0 - i)). Calculate the greatest common divisor of 42 and c.
14
Let d(m) = -5*m**2 + m - 2. Let f be d(-2). Suppose 2*v - 2*t = 216, -3*t + 6*t - 216 = -2*v. Let l = f + v. What is the greatest common divisor of 14 and l?
14
Let z(q) = q**2 + 15*q - 421. Let n be z(15). What is the greatest common factor of n and 3?
1
Suppose 100 = -3*q + 2*l, -q = 2*l - 10 + 30. Let a = q - -28. Let t be (572/(-16) - a)*-2*2. Calculate the highest common divisor of 15 and t.
15
Let o(v) = 8*v - 4. Let x be o(3). Suppose -2499 - 6861 = -24*d. Calculate the highest common divisor of d and x.
10
Suppose 2*p - 4638 = -21*g + 20*g, -5*p + 11604 = -2*g. Calculate the highest common divisor of 638 and p.
58
Suppose 34 = 4*u + 4*l - 2, 5*l = -u + 5. Suppose -20*b - u = -21*b. Calculate the highest common divisor of 190 and b.
10
Let a(k) = -k + 12. Let s be a(8). Suppose -3*z - 3*w - w = -2, -3*w + s = z. Let j be 84*z*(-2)/12. What is the greatest common factor of 56 and j?
28
Suppose 0 = -4*u - 2*u - 126. Let i(r) = -2*r**2 - 44*r + 21. Let g be i(u). What is the highest common divisor of 36 and g?
9
Let f = 108 - 84. Suppose 4*h + f = -2*h. Let s be ((-72)/21)/(h/28). What is the greatest common factor of 32 and s?
8
Let w = 5 + 3. Suppose -72*r + 393*r = 642. Calculate the greatest common divisor of w and r.
2
Let b(m) = m**2 + m + 2 - 2*m + 0. Let z be b(0). Suppose l = -4*v + 36, -6*l + z*v + 114 = -l. What is the greatest common factor of 3 and l?
3
Suppose 50 = 2*t + 3*x - 371, -3*t + 625 = -2*x. Let b = 12060 + -12041. Calculate the greatest common divisor of t and b.
19
Let r be (39 - 36)*(11 - 0) - (-10)/(-2). Suppose 0 = 5*k - 57 - 48. What is the highest common divisor of r and k?
7
Let q be (-1 + -4)*(-8)/5. Let d be 3*7/(6